and p?
34
Let c be ((-30)/(-45))/((-4)/(-414)). Calculate the highest common divisor of 46 and c.
23
Suppose v - 21 = 31. Suppose 0 = 4*d + d - 65. What is the highest common divisor of d and v?
13
Suppose 0 = -2*l + 135 + 25. What is the greatest common divisor of 10 and l?
10
Let u be 16*2 - (-44)/11. Calculate the greatest common factor of 6 and u.
6
Let q be ((-2)/5)/((-1)/230). Suppose 5*k - q = 118. What is the highest common divisor of 14 and k?
14
Let f(i) be the first derivative of -11*i**2/2 - 9*i + 4. Let y be f(-9). Calculate the highest common factor of y and 10.
10
Suppose 14 + 16 = a. Calculate the greatest common divisor of a and 10.
10
Let q = 3 - 4. Let h be q/(9/48)*3. Let b = h - -34. What is the greatest common divisor of 45 and b?
9
Let o(k) = 6*k**2 - 7*k - 7. Let m be o(-4). Calculate the highest common factor of 13 and m.
13
Suppose 5*z - 10 = -0*z. Suppose 3 = -z*a + 3*a. Calculate the greatest common divisor of 15 and a.
3
Suppose 365 = 3*n - i, -4*n + 3*i - 345 = -7*n. What is the highest common divisor of 15 and n?
15
Suppose -4*i = -9 - 3. Let v = i - -52. Let p be -2 + -1 + (-125)/(-5). What is the highest common divisor of p and v?
11
Suppose -1 = -o + 4. Let u = -3 + 0. Let n(q) = q**2 + q - 1. Let p be n(u). Calculate the highest common factor of o and p.
5
Suppose 4*p = -2*q - 10, 0*p = p + 4*q + 20. Suppose p*s = -4*s + 36. What is the greatest common factor of s and 9?
9
Let m(x) = x**3 + 6*x**2 + x + 4. Let u be m(-3). Calculate the greatest common factor of 14 and u.
14
Suppose 7*u - 12 = -y + 2*u, 4*y + 3*u = 14. What is the highest common factor of y and 18?
2
Suppose i = 3*z - 12, 0 = 2*i + 2*i - 3*z + 12. Suppose i = -2*b - 2*b + 44. Calculate the greatest common divisor of 11 and b.
11
Let m be 16/(-48) - (-92)/6. Calculate the greatest common divisor of 30 and m.
15
Let i(a) = 7*a**2 - 2*a + 2. Let g be i(2). Let y = 80 + -134. Let o be 2/(-4) - y/4. Calculate the greatest common divisor of o and g.
13
Let f = 13 - 9. Suppose -y = -f*y + 27. Suppose t = 1 + 5. Calculate the highest common divisor of y and t.
3
Let w(o) = -o - 5. Let z be w(-8). Suppose -2*k - 8 = -5*k + 2*y, -3*y = -3*k + 12. Suppose k = -2*r + 27 - z. What is the greatest common factor of 72 and r?
12
Let y = 15 + 5. Suppose 4*k = -5*g + y + 93, 0 = g + 5*k - 10. Calculate the highest common factor of g and 25.
25
Let p(x) = x**3 + 8*x**2 - 10*x + 11. Let w be p(-9). Calculate the highest common factor of w and 4.
4
Let f(j) = -j**2 + 12*j - 11. Let h be f(9). Suppose n = 1 + 3. Let p be 6/n*16/6. Calculate the greatest common divisor of h and p.
4
Let d(m) = m + 10. Let t be d(-7). Suppose t*a + 3*u - 94 = -31, 103 = 5*a + 3*u. What is the greatest common divisor of a and 4?
4
Let l = 0 - 0. Let x = l - -2. Suppose -3*k + 0*s = 2*s - 3, -4*k = -x*s - 4. Calculate the highest common divisor of 11 and k.
1
Let c = 14 - 5. Calculate the highest common factor of c and 1.
1
Suppose 5*h + 792 = 9*h. What is the greatest common factor of 18 and h?
18
Suppose y + 3*r - 5*r = -24, -4*y + 2*r - 114 = 0. Let q be y/(-2)*22/6. Calculate the highest common divisor of 11 and q.
11
Let a = 16 + -11. Let g be 3/((a/12)/5). Let q = -6 + 15. Calculate the highest common factor of g and q.
9
Let y = -74 + 191. Let m be y/26*(-44)/(-6). What is the greatest common divisor of m and 3?
3
Let h(v) = 2*v**2. Let n be h(-1). Let f be 139/n*(1 - -1). Suppose -2*s + f = -w, -5*s = -w - 3*w - 340. Calculate the greatest common factor of 9 and s.
9
Suppose -25*q = -29*q + 208. Calculate the greatest common factor of 130 and q.
26
Let p be -10 - (0 + 0 + 0). Let x be (-1094)/p + (-6)/(-10). Calculate the highest common divisor of x and 44.
22
Let b(q) = q + 4. Let f be b(-3). Let n = 4 - f. Let l = 5 - -16. What is the highest common factor of n and l?
3
Let s(z) = z**3 + 7*z**2 + 3*z - 8. Let x be s(-6). Let q(b) = 3*b**2 + 8*b + 5. Let t be q(-5). Calculate the highest common factor of x and t.
10
Let d(b) = 2*b**2 + 3*b**2 - 6*b + 1 + 3*b. Let v be d(2). Suppose 0*f - 5 = -f. What is the greatest common factor of f and v?
5
Suppose 0*j - 5*j - 5*g = 0, 2*g = 2*j. Suppose 0*w + 4*w - 128 = j. Calculate the highest common factor of 16 and w.
16
Let p = -636 - -1021. Calculate the greatest common factor of 35 and p.
35
Let s = -6 - -11. Suppose 3*i - z - 86 = 14, 0 = -i + 4*z + 15. What is the highest common factor of i and s?
5
Let i(q) = -q**3 + q**2 - q + 4. Let u be i(0). Let b be (1 + 9)/(2/u). Suppose 6*s - s - 250 = 0. What is the highest common factor of s and b?
10
Suppose 2*g - 5*x = 35, -2*x = 4*g + 3*x - 55. What is the highest common factor of 165 and g?
15
Let u(m) = -12*m + 6. Let o(p) = 1. Let a(h) = -2*o(h) + u(h). Let g be 1/(1 + 12/(-10)). Let f be a(g). What is the highest common divisor of 16 and f?
16
Let u be -7 + (0/2)/(-1). Let i(d) = -d**3 - 6*d**2 + 6. Let r be i(u). Let n be (-312)/(-14) - 16/56. What is the highest common factor of n and r?
11
Let v(z) = -z**3 + z**2 + 11*z - 2. Let l be v(-6). Suppose 0 = -2*w + 6*w - 92. Calculate the greatest common divisor of l and w.
23
Let g be (2 - (1 - -2)) + -4. Let r(i) = -i**2 + 6*i + 6. Let o be r(5). Let q = g + o. Calculate the greatest common divisor of q and 18.
6
Let f(y) = y**2 - 7*y - 6. Let i be f(9). Let k be (2/3)/(1/18). Suppose 4*l - 5*p = 7 + 357, 3*p = k. What is the highest common divisor of i and l?
12
Let w(c) = 4*c**3 - 4*c**2 - 4*c + 4. Let g be w(2). Let i be 9/2*(-1 - -59). Let f = -129 + i. Calculate the greatest common divisor of g and f.
12
Suppose v - 2 = -4*s, 0*v = 4*v - 8. Let h(p) = p + 132. Let u be h(s). Let x be ((-8)/5)/((-8)/60). What is the highest common factor of x and u?
12
Let z be (20/15)/(4/30). Calculate the highest common divisor of z and 70.
10
Suppose v - 18 = 3*b, -1 = v + 4*b + 2. What is the highest common factor of v and 45?
9
Let k(c) = -c**3 - c**2. Let z = -4 + 2. Let p be k(z). Suppose -p*a + 336 = -104. Calculate the greatest common divisor of a and 11.
11
Suppose 5*c - 24 = 11. Suppose c*f - 80 = 3*f. Calculate the greatest common divisor of 100 and f.
20
Let o(u) be the first derivative of 191*u**2/2 + 1. Let y be o(1). Let h = y + -79. Calculate the highest common factor of 14 and h.
14
Let u be 424/6 - 5/(-15). Let k = u - -1. Calculate the greatest common divisor of 18 and k.
18
Let w = -1188 - -1924. Let f = -483 + w. Calculate the greatest common divisor of f and 23.
23
Let y(p) = 20*p - 3. Let u be y(2). Suppose 3*z + 10 = u. Let d be ((-78)/(-65))/((-31)/(-30) - 1). What is the greatest common divisor of d and z?
9
Suppose 0 = -2*h + 150 - 36. Calculate the greatest common factor of h and 3.
3
Let a(f) = 5*f - 4. Let w be a(4). Calculate the highest common divisor of 8 and w.
8
Suppose -3*m + 6*m = 18. Suppose 6*i - 3 = 5*i. What is the highest common divisor of m and i?
3
Let y be (-4)/10 - 3393/(-45). Calculate the highest common divisor of y and 15.
15
Let f(x) = -x**2 + 5*x + 7. Let y be f(6). Let j(g) = g - y + 1 + 0 + 2. Let s be j(10). Calculate the greatest common factor of 4 and s.
4
Suppose -2*d - 45 = -5*d. Let q = -404 + 479. Calculate the greatest common divisor of q and d.
15
Suppose -v + 3*v = -3*k - 8, -4*k - 20 = 5*v. Suppose k = -2*n - 3*n + 15, -2*n = 4*p - 42. What is the highest common divisor of 45 and p?
9
Suppose 106 = -5*n - 144. Let c = -29 - n. What is the greatest common divisor of 168 and c?
21
Let l = -3 + 6. Let d = l - 2. Let x be 11*d + 0 + 1. What is the highest common divisor of 6 and x?
6
Suppose 103 = o - 4*q, 355 = o + 3*o + 3*q. Suppose -4*g + 2*g = -26. Calculate the greatest common factor of o and g.
13
Suppose a + 95 = p, 0*a + 16 = 4*a. Calculate the highest common factor of p and 9.
9
Suppose -5*n = -8*n + 9. What is the greatest common divisor of 27 and n?
3
Let x be 7*(4/(-10))/((-2)/20). Calculate the greatest common factor of x and 70.
14
Suppose 7*d = 8*d - 8. What is the highest common divisor of d and 104?
8
Suppose -5*a = -d - 19, -3*d - 24 = -4*a - 0*d. Suppose 6 = a*w - 3. Calculate the greatest common factor of w and 9.
3
Let q(y) = -5*y - 17. Let s be q(-7). Calculate the highest common factor of 2 and s.
2
Let n(c) = 3*c + 2. Let p be n(3). What is the greatest co